{"id":31,"date":"2022-04-22T21:22:04","date_gmt":"2022-04-22T19:22:04","guid":{"rendered":"http:\/\/hoplatransition.org\/?page_id=31"},"modified":"2025-12-16T17:37:35","modified_gmt":"2025-12-16T16:37:35","slug":"nos-activites","status":"publish","type":"page","link":"https:\/\/hoplatransition.org\/index.php\/nos-activites\/","title":{"rendered":"Nos activit\u00e9s"},"content":{"rendered":"\n<h4 class=\"wp-block-heading\">Sensibiliser, former, informer, interpeller, motiver, regrouper.<\/h4>\n\n\n\n<p>Pour atteindre ces objectifs, Hop La Transition met en \u0153uvre des outils  participatifs et interactifs, privil\u00e9giant le jeu, l\u2019intelligence  collective et les d\u00e9bats au service de la compr\u00e9hension des enjeux de la  transition \u00e9cologique et sociale. <\/p>\n\n\n\n<ul class=\"wp-block-list\">\n<li>Des stands pour donner envie d\u2019aller plus loin en passant \u00e0 l\u2019action<\/li>\n\n\n\n<li>Des ateliers de sensibilisation&nbsp;<\/li>\n\n\n\n<li>Des conf\u00e9rences interactives<\/li>\n\n\n\n<li>Des formations<\/li>\n\n\n\n<li>Des s\u00e9ances de Quizz<\/li>\n\n\n\n<li>Des d\u00e9bats publics<\/li>\n\n\n\n<li>Des ateliers de co-construction (World Caf\u00e9, \u2026)<\/li>\n\n\n\n<li>Des spectacles  pour aborder la transition \u00e9cologique sous un angle encore plus ludique (th\u00e9atre, impro, conte, musique, peinture&#8230;)<\/li>\n\n\n\n<li>Des activit\u00e9s sportives pour vivre la transitition autrement<\/li>\n\n\n\n<li>Et d\u2019autres \u2026<\/li>\n<\/ul>\n\n\n\n<p>Les formats sont adapt\u00e9s \u00e0 toutes les configurations : cercles priv\u00e9s, professionnels, associatifs, de formation ou grand public.<\/p>\n\n\n\n<div class=\"wp-block-media-text alignfull is-stacked-on-mobile is-vertically-aligned-center\"><figure class=\"wp-block-media-text__media\"><a href=\"http:\/\/hoplatransition.org\/index.php\/nos-fresques\/\" target=\"_blank\" rel=\"noreferrer noopener\"><img loading=\"lazy\" decoding=\"async\" width=\"1024\" height=\"498\" src=\"http:\/\/hoplatransition.org\/wp-content\/uploads\/2023\/03\/photo_2022-05-07_21-27-40-Copy-1024x498.jpg\" alt=\"\" class=\"wp-image-1231 size-full\" srcset=\"https:\/\/hoplatransition.org\/wp-content\/uploads\/2023\/03\/photo_2022-05-07_21-27-40-Copy-1024x498.jpg 1024w, https:\/\/hoplatransition.org\/wp-content\/uploads\/2023\/03\/photo_2022-05-07_21-27-40-Copy-300x146.jpg 300w, https:\/\/hoplatransition.org\/wp-content\/uploads\/2023\/03\/photo_2022-05-07_21-27-40-Copy-768x373.jpg 768w, https:\/\/hoplatransition.org\/wp-content\/uploads\/2023\/03\/photo_2022-05-07_21-27-40-Copy.jpg 1280w\" sizes=\"auto, (max-width: 1024px) 100vw, 1024px\" \/><\/a><\/figure><div class=\"wp-block-media-text__content\">\n<h2 class=\"wp-block-heading has-text-align-center has-text-color\" style=\"color:#000000\"><a href=\"http:\/\/hoplatransition.org\/index.php\/nos-fresques\/\" data-type=\"page\" data-id=\"61\" target=\"_blank\" rel=\"noreferrer noopener\">Ateliers de type &#8220;Fresque&#8221;<\/a><\/h2>\n\n\n\n<p class=\"has-text-align-center has-extra-small-font-size\">Des ateliers pour sensibiiser : Climat, biodiversit\u00e9, alimentation, mobilit\u00e9 et d&#8217;autres<\/p>\n<\/div><\/div>\n\n\n\n<div style=\"height:40px\" aria-hidden=\"true\" class=\"wp-block-spacer\"><\/div>\n\n\n\n<div class=\"wp-block-media-text alignfull is-stacked-on-mobile is-vertically-aligned-center\"><figure class=\"wp-block-media-text__media\"><a href=\"https:\/\/hoplatransition.org\/index.php\/nos-ateliers-pour-aller-plus-loin\/\" target=\"_blank\" rel=\"noreferrer noopener\"><img loading=\"lazy\" decoding=\"async\" width=\"768\" height=\"373\" src=\"http:\/\/hoplatransition.org\/wp-content\/uploads\/2023\/03\/nouveau_kit-INVBC-768x576-1-e1714120977222.jpg\" alt=\"\" class=\"wp-image-1108 size-full\" srcset=\"https:\/\/hoplatransition.org\/wp-content\/uploads\/2023\/03\/nouveau_kit-INVBC-768x576-1-e1714120977222.jpg 768w, https:\/\/hoplatransition.org\/wp-content\/uploads\/2023\/03\/nouveau_kit-INVBC-768x576-1-e1714120977222-300x146.jpg 300w\" sizes=\"auto, (max-width: 768px) 100vw, 768px\" \/><\/a><\/figure><div class=\"wp-block-media-text__content\">\n<h2 class=\"wp-block-heading has-text-align-center has-text-color\" style=\"color:#000000\"><a rel=\"noreferrer noopener\" href=\"https:\/\/hoplatransition.org\/index.php\/nos-ateliers-pour-aller-plus-loin\/\" target=\"_blank\">Autres ateliers<\/a><br><a rel=\"noreferrer noopener\" href=\"https:\/\/hoplatransition.org\/index.php\/nos-ateliers-pour-aller-plus-loin\/\" target=\"_blank\">pour aller plus loin <\/a><\/h2>\n\n\n\n<p class=\"has-text-align-center has-extra-small-font-size\">Des ateliers pour approfondir les pistes d&#8217;actions sous le prisme de l&#8217;empreinte carbone mais pas que \u2026 ex : 2 TONNES, OGRE, MY CO2 , INVBC et d\u2019autres<\/p>\n<\/div><\/div>\n\n\n\n<div style=\"height:40px\" aria-hidden=\"true\" class=\"wp-block-spacer\"><\/div>\n\n\n\n<div class=\"wp-block-media-text alignfull is-stacked-on-mobile is-vertically-aligned-center\"><figure class=\"wp-block-media-text__media\"><a href=\"http:\/\/hoplatransition.org\/index.php\/conferences\/\" target=\"_blank\" rel=\"noreferrer noopener\"><img loading=\"lazy\" decoding=\"async\" width=\"1024\" height=\"498\" src=\"http:\/\/hoplatransition.org\/wp-content\/uploads\/2023\/03\/photo_2023-03-08_22-25-21-e1714121159179-1024x498.jpg\" alt=\"\" class=\"wp-image-1233 size-full\" srcset=\"https:\/\/hoplatransition.org\/wp-content\/uploads\/2023\/03\/photo_2023-03-08_22-25-21-e1714121159179-1024x498.jpg 1024w, https:\/\/hoplatransition.org\/wp-content\/uploads\/2023\/03\/photo_2023-03-08_22-25-21-e1714121159179-300x146.jpg 300w, https:\/\/hoplatransition.org\/wp-content\/uploads\/2023\/03\/photo_2023-03-08_22-25-21-e1714121159179-768x373.jpg 768w, https:\/\/hoplatransition.org\/wp-content\/uploads\/2023\/03\/photo_2023-03-08_22-25-21-e1714121159179.jpg 1280w\" sizes=\"auto, (max-width: 1024px) 100vw, 1024px\" \/><\/a><\/figure><div class=\"wp-block-media-text__content\">\n<h2 class=\"wp-block-heading has-text-align-center has-text-color\" style=\"color:#000000\"><a href=\"http:\/\/hoplatransition.org\/index.php\/conferences\/\" target=\"_blank\" rel=\"noreferrer noopener\">Conf\u00e9rences<\/a><\/h2>\n\n\n\n<p class=\"has-text-align-center has-extra-small-font-size\">Des conf\u00e9rences interactives standards ou sur mesure <\/p>\n<\/div><\/div>\n\n\n\n<div style=\"height:40px\" aria-hidden=\"true\" class=\"wp-block-spacer\"><\/div>\n\n\n\n<div class=\"wp-block-media-text alignfull is-stacked-on-mobile is-vertically-aligned-center\"><figure class=\"wp-block-media-text__media\"><a href=\"https:\/\/hoplatransition.org\/index.php\/nos-formations\/\" target=\"_blank\" rel=\"noreferrer noopener\"><img loading=\"lazy\" decoding=\"async\" width=\"1024\" height=\"498\" src=\"http:\/\/hoplatransition.org\/wp-content\/uploads\/2022\/08\/Photo-12-05-2022-10-53-27-e1714121025744-1024x498.jpg\" alt=\"\" class=\"wp-image-278 size-full\" srcset=\"https:\/\/hoplatransition.org\/wp-content\/uploads\/2022\/08\/Photo-12-05-2022-10-53-27-e1714121025744-1024x498.jpg 1024w, https:\/\/hoplatransition.org\/wp-content\/uploads\/2022\/08\/Photo-12-05-2022-10-53-27-e1714121025744-300x146.jpg 300w, https:\/\/hoplatransition.org\/wp-content\/uploads\/2022\/08\/Photo-12-05-2022-10-53-27-e1714121025744-768x373.jpg 768w, https:\/\/hoplatransition.org\/wp-content\/uploads\/2022\/08\/Photo-12-05-2022-10-53-27-e1714121025744.jpg 1280w\" sizes=\"auto, (max-width: 1024px) 100vw, 1024px\" \/><\/a><\/figure><div class=\"wp-block-media-text__content\">\n<h2 class=\"wp-block-heading has-text-align-center has-text-color\" style=\"color:#000000\"><a href=\"https:\/\/hoplatransition.org\/index.php\/nos-formations\/\">Formations<\/a><\/h2>\n\n\n\n<p class=\"has-text-align-center has-extra-small-font-size\">Des formations pour monter en connaissances et en comp\u00e9tences<\/p>\n<\/div><\/div>\n\n\n\n<div style=\"height:40px\" aria-hidden=\"true\" class=\"wp-block-spacer\"><\/div>\n\n\n\n<div class=\"wp-block-media-text alignfull is-stacked-on-mobile is-vertically-aligned-center\"><figure class=\"wp-block-media-text__media\"><a href=\"https:\/\/hoplatransition.org\/index.php\/nos-stands-danimation\/\" target=\"_blank\" rel=\"noreferrer noopener\"><img loading=\"lazy\" decoding=\"async\" width=\"1024\" height=\"498\" src=\"http:\/\/hoplatransition.org\/wp-content\/uploads\/2023\/01\/Photo-11-09-2022-16-42-12-scaled-e1714121052107-1024x498.jpg\" alt=\"\" class=\"wp-image-840 size-full\" srcset=\"https:\/\/hoplatransition.org\/wp-content\/uploads\/2023\/01\/Photo-11-09-2022-16-42-12-scaled-e1714121052107-1024x498.jpg 1024w, https:\/\/hoplatransition.org\/wp-content\/uploads\/2023\/01\/Photo-11-09-2022-16-42-12-scaled-e1714121052107-300x146.jpg 300w, https:\/\/hoplatransition.org\/wp-content\/uploads\/2023\/01\/Photo-11-09-2022-16-42-12-scaled-e1714121052107-768x374.jpg 768w, https:\/\/hoplatransition.org\/wp-content\/uploads\/2023\/01\/Photo-11-09-2022-16-42-12-scaled-e1714121052107-1536x747.jpg 1536w, https:\/\/hoplatransition.org\/wp-content\/uploads\/2023\/01\/Photo-11-09-2022-16-42-12-scaled-e1714121052107-2048x996.jpg 2048w\" sizes=\"auto, (max-width: 1024px) 100vw, 1024px\" \/><\/a><\/figure><div class=\"wp-block-media-text__content\">\n<h2 class=\"wp-block-heading has-text-align-center has-text-color\" style=\"color:#000000\"><a rel=\"noreferrer noopener\" href=\"https:\/\/hoplatransition.org\/index.php\/nos-stands-danimation\/\" target=\"_blank\">Stands d&#8217;animations<\/a><\/h2>\n\n\n\n<p class=\"has-text-align-center has-extra-small-font-size\">Stand Energie\/Climat, Mobilit\u00e9 ou Economie Circulaire<\/p>\n<\/div><\/div>\n\n\n\n<div style=\"height:40px\" aria-hidden=\"true\" class=\"wp-block-spacer\"><\/div>\n\n\n\n<div class=\"wp-block-media-text alignfull is-stacked-on-mobile is-vertically-aligned-center\"><figure class=\"wp-block-media-text__media\"><a href=\"https:\/\/hoplatransition.org\/index.php\/nos-spectacles\/\" target=\"_blank\" rel=\"noreferrer noopener\"><img loading=\"lazy\" decoding=\"async\" width=\"320\" height=\"156\" src=\"http:\/\/hoplatransition.org\/wp-content\/uploads\/2023\/03\/spectacle-e1714121130596.jpg\" alt=\"\" class=\"wp-image-1138 size-full\" srcset=\"https:\/\/hoplatransition.org\/wp-content\/uploads\/2023\/03\/spectacle-e1714121130596.jpg 320w, https:\/\/hoplatransition.org\/wp-content\/uploads\/2023\/03\/spectacle-e1714121130596-300x146.jpg 300w\" sizes=\"auto, (max-width: 320px) 100vw, 320px\" \/><\/a><\/figure><div class=\"wp-block-media-text__content\">\n<h2 class=\"wp-block-heading has-text-align-center has-text-color\" style=\"color:#000000\"><a rel=\"noreferrer noopener\" href=\"https:\/\/hoplatransition.org\/index.php\/nos-spectacles\/\" target=\"_blank\">Spectacles<\/a><\/h2>\n\n\n\n<p class=\"has-text-align-center has-extra-small-font-size\">pour aborder la transition \u00e9cologique sous un angle encore plus ludique (th\u00e9atre, impro, conte, \u2026)<\/p>\n<\/div><\/div>\n\n\n\n<div style=\"height:40px\" aria-hidden=\"true\" class=\"wp-block-spacer\"><\/div>\n\n\n\n<div class=\"wp-block-media-text alignfull is-stacked-on-mobile is-vertically-aligned-center\"><figure class=\"wp-block-media-text__media\"><a href=\"https:\/\/hoplatransition.org\/index.php\/nos-spectacles\/\" target=\"_blank\" rel=\"noreferrer noopener\"><img loading=\"lazy\" decoding=\"async\" width=\"385\" height=\"188\" src=\"http:\/\/hoplatransition.org\/wp-content\/uploads\/2025\/12\/Sport-image-2-Capture-decran-2025-12-16-173140-e1765902950466.png\" alt=\"\" class=\"wp-image-3250 size-full\" srcset=\"https:\/\/hoplatransition.org\/wp-content\/uploads\/2025\/12\/Sport-image-2-Capture-decran-2025-12-16-173140-e1765902950466.png 385w, https:\/\/hoplatransition.org\/wp-content\/uploads\/2025\/12\/Sport-image-2-Capture-decran-2025-12-16-173140-e1765902950466-300x146.png 300w\" sizes=\"auto, (max-width: 385px) 100vw, 385px\" \/><\/a><\/figure><div class=\"wp-block-media-text__content\">\n<h2 class=\"wp-block-heading has-text-align-center has-text-color\" style=\"color:#000000\"><a href=\"https:\/\/hoplatransition.org\/index.php\/sport\/\" data-type=\"link\" data-id=\"https:\/\/hoplatransition.org\/index.php\/sport\/\" target=\"_blank\" rel=\"noreferrer noopener\">Sport<\/a><\/h2>\n\n\n\n<p class=\"has-text-align-center has-extra-small-font-size\">pour vivre la transition autrement (\u00e0 travers une activit\u00e9 sportive) !<\/p>\n<\/div><\/div>\n\n\n\n<div style=\"height:40px\" aria-hidden=\"true\" class=\"wp-block-spacer\"><\/div>\n\n\n\n<div class=\"wp-block-media-text alignfull is-stacked-on-mobile is-vertically-aligned-center\"><figure class=\"wp-block-media-text__media\"><a href=\"https:\/\/hoplatransition.org\/index.php\/nos-animations-sur-mesure\/\" target=\"_blank\" rel=\"noreferrer noopener\"><img loading=\"lazy\" decoding=\"async\" width=\"1024\" height=\"498\" src=\"http:\/\/hoplatransition.org\/wp-content\/uploads\/2022\/07\/Photo-25-04-2022-16-33-58-scaled-e1714121084523-1024x498.jpg\" alt=\"\" class=\"wp-image-187 size-full\" srcset=\"https:\/\/hoplatransition.org\/wp-content\/uploads\/2022\/07\/Photo-25-04-2022-16-33-58-scaled-e1714121084523-1024x498.jpg 1024w, https:\/\/hoplatransition.org\/wp-content\/uploads\/2022\/07\/Photo-25-04-2022-16-33-58-scaled-e1714121084523-300x146.jpg 300w, https:\/\/hoplatransition.org\/wp-content\/uploads\/2022\/07\/Photo-25-04-2022-16-33-58-scaled-e1714121084523-768x374.jpg 768w, https:\/\/hoplatransition.org\/wp-content\/uploads\/2022\/07\/Photo-25-04-2022-16-33-58-scaled-e1714121084523-1536x747.jpg 1536w, https:\/\/hoplatransition.org\/wp-content\/uploads\/2022\/07\/Photo-25-04-2022-16-33-58-scaled-e1714121084523-2048x996.jpg 2048w\" sizes=\"auto, (max-width: 1024px) 100vw, 1024px\" \/><\/a><\/figure><div class=\"wp-block-media-text__content\">\n<h2 class=\"wp-block-heading has-text-align-center has-text-color\" style=\"color:#000000\"><a href=\"https:\/\/hoplatransition.org\/index.php\/nos-animations-sur-mesure\/\" data-type=\"page\" data-id=\"236\">Animations sur mesure<\/a><\/h2>\n\n\n\n<p class=\"has-text-align-center\">Demandez-nous, nous organisons !<\/p>\n<\/div><\/div>\n\n\n\n<div style=\"height:40px\" aria-hidden=\"true\" class=\"wp-block-spacer\"><\/div>\n","protected":false},"excerpt":{"rendered":"<p>Sensibiliser, former, informer, interpeller, motiver, regrouper. Pour atteindre ces objectifs, Hop La Transition met en \u0153uvre des outils participatifs et interactifs, privil\u00e9giant le jeu, l\u2019intelligence collective et les d\u00e9bats au service de la compr\u00e9hension des enjeux de la transition \u00e9cologique et sociale. Les formats sont adapt\u00e9s \u00e0 toutes les configurations : cercles priv\u00e9s, professionnels, associatifs, [&hellip;]<\/p>\n","protected":false},"author":1,"featured_media":0,"parent":0,"menu_order":0,"comment_status":"closed","ping_status":"closed","template":"","meta":{"_seopress_robots_primary_cat":"","_mc_calendar":[],"footnotes":""},"class_list":["post-31","page","type-page","status-publish","hentry"],"_links":{"self":[{"href":"https:\/\/hoplatransition.org\/index.php\/wp-json\/wp\/v2\/pages\/31","targetHints":{"allow":["GET"]}}],"collection":[{"href":"https:\/\/hoplatransition.org\/index.php\/wp-json\/wp\/v2\/pages"}],"about":[{"href":"https:\/\/hoplatransition.org\/index.php\/wp-json\/wp\/v2\/types\/page"}],"author":[{"embeddable":true,"href":"https:\/\/hoplatransition.org\/index.php\/wp-json\/wp\/v2\/users\/1"}],"replies":[{"embeddable":true,"href":"https:\/\/hoplatransition.org\/index.php\/wp-json\/wp\/v2\/comments?post=31"}],"version-history":[{"count":46,"href":"https:\/\/hoplatransition.org\/index.php\/wp-json\/wp\/v2\/pages\/31\/revisions"}],"predecessor-version":[{"id":3251,"href":"https:\/\/hoplatransition.org\/index.php\/wp-json\/wp\/v2\/pages\/31\/revisions\/3251"}],"wp:attachment":[{"href":"https:\/\/hoplatransition.org\/index.php\/wp-json\/wp\/v2\/media?parent=31"}],"curies":[{"name":"wp","href":"https:\/\/api.w.org\/{rel}","templated":true}]}}