{"id":2414,"date":"2024-04-26T10:06:54","date_gmt":"2024-04-26T08:06:54","guid":{"rendered":"https:\/\/hoplatransition.org\/?page_id=2414"},"modified":"2024-06-17T16:46:03","modified_gmt":"2024-06-17T14:46:03","slug":"jeu-mission-resilience","status":"publish","type":"page","link":"https:\/\/hoplatransition.org\/index.php\/jeu-mission-resilience\/","title":{"rendered":"Mission : R\u00e9silience"},"content":{"rendered":"\n<div class=\"wp-block-media-text alignwide is-stacked-on-mobile\"><figure class=\"wp-block-media-text__media\"><img loading=\"lazy\" decoding=\"async\" width=\"850\" height=\"510\" src=\"http:\/\/hoplatransition.org\/wp-content\/uploads\/2024\/02\/jeu-mission-resilience-1.jpg\" alt=\"\" class=\"wp-image-2261 size-full\" srcset=\"https:\/\/hoplatransition.org\/wp-content\/uploads\/2024\/02\/jeu-mission-resilience-1.jpg 850w, https:\/\/hoplatransition.org\/wp-content\/uploads\/2024\/02\/jeu-mission-resilience-1-300x180.jpg 300w, https:\/\/hoplatransition.org\/wp-content\/uploads\/2024\/02\/jeu-mission-resilience-1-768x461.jpg 768w\" sizes=\"auto, (max-width: 850px) 100vw, 850px\" \/><\/figure><div class=\"wp-block-media-text__content\">\n<p class=\"has-medium-font-size\">Format : Jeu de cartes et de plateau<\/p>\n\n\n\n<p>Dur\u00e9e: 3h<\/p>\n\n\n\n<p>Nombre de joueurs : 4 \u00e0 15 personnes<\/p>\n\n\n\n<p>Les participants se plongent dans la peau de conseillers municipaux charg\u00e9s d&#8217;organiser la r\u00e9silience de leur ville face aux d\u00e9fis environnementaux et \u00e9conomiques qui se posent \u00e0 eux. \u00c0 chaque tour, ils devront prioriser l&#8217;action municipale : est-il plus urgent d&#8217;investir dans une agriculture plus durable ou dans des transports d\u00e9carbon\u00e9s ? La d\u00e9cision n&#8217;est pas triviale et \u00e0 chacun de d\u00e9fendre son point de vue et ses int\u00e9r\u00eats tout en sauvegardant le territoire et ses habitants.<\/p>\n\n\n\n<p>Bon \u00e0 savoir : le jeu &#8220;Mission : R\u00e9silience&#8221; est disponible au t\u00e9l\u00e9chargement dans la <a href=\"https:\/\/librairie.ademe.fr\/changement-climatique-et-energie\/6114-jeu-mission-resilience.html\" target=\"_blank\" rel=\"noreferrer noopener\">librairie ADEME<\/a>.<\/p>\n<\/div><\/div>\n","protected":false},"excerpt":{"rendered":"<p>Format : Jeu de cartes et de plateau Dur\u00e9e: 3h Nombre de joueurs : 4 \u00e0 15 personnes Les participants se plongent dans la peau de conseillers municipaux charg\u00e9s d&#8217;organiser la r\u00e9silience de leur ville face aux d\u00e9fis environnementaux et \u00e9conomiques qui se posent \u00e0 eux. \u00c0 chaque tour, ils devront prioriser l&#8217;action municipale : [&hellip;]<\/p>\n","protected":false},"author":1,"featured_media":0,"parent":0,"menu_order":0,"comment_status":"closed","ping_status":"closed","template":"","meta":{"_seopress_robots_primary_cat":"","_mc_calendar":[],"footnotes":""},"class_list":["post-2414","page","type-page","status-publish","hentry"],"_links":{"self":[{"href":"https:\/\/hoplatransition.org\/index.php\/wp-json\/wp\/v2\/pages\/2414","targetHints":{"allow":["GET"]}}],"collection":[{"href":"https:\/\/hoplatransition.org\/index.php\/wp-json\/wp\/v2\/pages"}],"about":[{"href":"https:\/\/hoplatransition.org\/index.php\/wp-json\/wp\/v2\/types\/page"}],"author":[{"embeddable":true,"href":"https:\/\/hoplatransition.org\/index.php\/wp-json\/wp\/v2\/users\/1"}],"replies":[{"embeddable":true,"href":"https:\/\/hoplatransition.org\/index.php\/wp-json\/wp\/v2\/comments?post=2414"}],"version-history":[{"count":4,"href":"https:\/\/hoplatransition.org\/index.php\/wp-json\/wp\/v2\/pages\/2414\/revisions"}],"predecessor-version":[{"id":2504,"href":"https:\/\/hoplatransition.org\/index.php\/wp-json\/wp\/v2\/pages\/2414\/revisions\/2504"}],"wp:attachment":[{"href":"https:\/\/hoplatransition.org\/index.php\/wp-json\/wp\/v2\/media?parent=2414"}],"curies":[{"name":"wp","href":"https:\/\/api.w.org\/{rel}","templated":true}]}}