{"id":2015,"date":"2023-09-26T14:23:28","date_gmt":"2023-09-26T12:23:28","guid":{"rendered":"https:\/\/hoplatransition.org\/?page_id=2015"},"modified":"2023-09-26T14:23:29","modified_gmt":"2023-09-26T12:23:29","slug":"il-est-temps","status":"publish","type":"page","link":"https:\/\/hoplatransition.org\/index.php\/il-est-temps\/","title":{"rendered":"Il est temps"},"content":{"rendered":"\n<div class=\"wp-block-media-text alignwide is-stacked-on-mobile\"><figure class=\"wp-block-media-text__media\"><img loading=\"lazy\" decoding=\"async\" width=\"960\" height=\"537\" src=\"http:\/\/hoplatransition.org\/wp-content\/uploads\/2023\/03\/ilest-temps-1-e1695728289823.jpg\" alt=\"\" class=\"wp-image-1216 size-full\" srcset=\"https:\/\/hoplatransition.org\/wp-content\/uploads\/2023\/03\/ilest-temps-1-e1695728289823.jpg 960w, https:\/\/hoplatransition.org\/wp-content\/uploads\/2023\/03\/ilest-temps-1-e1695728289823-300x168.jpg 300w, https:\/\/hoplatransition.org\/wp-content\/uploads\/2023\/03\/ilest-temps-1-e1695728289823-768x430.jpg 768w\" sizes=\"auto, (max-width: 960px) 100vw, 960px\" \/><\/figure><div class=\"wp-block-media-text__content\">\n<p class=\"has-medium-font-size\">Format: atelier immersif <\/p>\n\n\n\n<p>Dur\u00e9e : 2h<\/p>\n\n\n\n<p>Permet de r\u00e9aliser un bilan carbone rapide et d&#8217;identifier des actions personnalis\u00e9es pour le r\u00e9duire. Cet atelier permet de donner des rep\u00e8res et des ordres de grandeur sur le bilan carbone des personnes mais aussi sur les actions qu&#8217;elles peuvent mettre en place (adapt\u00e9 au d\u00e9brief de la Fresque du Climat)<\/p>\n<\/div><\/div>\n","protected":false},"excerpt":{"rendered":"<p>Format: atelier immersif Dur\u00e9e : 2h Permet de r\u00e9aliser un bilan carbone rapide et d&#8217;identifier des actions personnalis\u00e9es pour le r\u00e9duire. Cet atelier permet de donner des rep\u00e8res et des ordres de grandeur sur le bilan carbone des personnes mais aussi sur les actions qu&#8217;elles peuvent mettre en place (adapt\u00e9 au d\u00e9brief de la Fresque [&hellip;]<\/p>\n","protected":false},"author":1,"featured_media":0,"parent":0,"menu_order":0,"comment_status":"closed","ping_status":"closed","template":"","meta":{"_seopress_robots_primary_cat":"","_mc_calendar":[],"footnotes":""},"class_list":["post-2015","page","type-page","status-publish","hentry"],"_links":{"self":[{"href":"https:\/\/hoplatransition.org\/index.php\/wp-json\/wp\/v2\/pages\/2015","targetHints":{"allow":["GET"]}}],"collection":[{"href":"https:\/\/hoplatransition.org\/index.php\/wp-json\/wp\/v2\/pages"}],"about":[{"href":"https:\/\/hoplatransition.org\/index.php\/wp-json\/wp\/v2\/types\/page"}],"author":[{"embeddable":true,"href":"https:\/\/hoplatransition.org\/index.php\/wp-json\/wp\/v2\/users\/1"}],"replies":[{"embeddable":true,"href":"https:\/\/hoplatransition.org\/index.php\/wp-json\/wp\/v2\/comments?post=2015"}],"version-history":[{"count":1,"href":"https:\/\/hoplatransition.org\/index.php\/wp-json\/wp\/v2\/pages\/2015\/revisions"}],"predecessor-version":[{"id":2016,"href":"https:\/\/hoplatransition.org\/index.php\/wp-json\/wp\/v2\/pages\/2015\/revisions\/2016"}],"wp:attachment":[{"href":"https:\/\/hoplatransition.org\/index.php\/wp-json\/wp\/v2\/media?parent=2015"}],"curies":[{"name":"wp","href":"https:\/\/api.w.org\/{rel}","templated":true}]}}