{"id":1085,"date":"2023-03-08T22:59:41","date_gmt":"2023-03-08T21:59:41","guid":{"rendered":"https:\/\/hoplatransition.org\/?page_id=1085"},"modified":"2024-06-17T17:22:58","modified_gmt":"2024-06-17T15:22:58","slug":"nos-stands-danimation","status":"publish","type":"page","link":"https:\/\/hoplatransition.org\/index.php\/nos-stands-danimation\/","title":{"rendered":"Nos stands d&#8217;animations"},"content":{"rendered":"\n<p class=\"has-text-align-left has-medium-font-size\"><strong>L&#8217;objectif principal est de donner envie d\u2019aller plus loin en passant \u00e0 l\u2019action<\/strong><\/p>\n\n\n\n<p class=\"has-text-align-left has-medium-font-size\">Nos stands sont adapt\u00e9s aux \u00e9v\u00e8nements en continu. Nous permettons aux passants de s&#8217;informer, de toucher du doigt les th\u00e9matiques pr\u00e9d\u00e9finies et d\u2019aller plus loin s\u2019ils le souhaitent. Il est possible d&#8217;animer sur stand des formats courts et interactifs de nos ateliers, dits &#8221;quizz&#8221; :<\/p>\n\n\n\n<div class=\"wp-block-media-text alignwide is-stacked-on-mobile\"><figure class=\"wp-block-media-text__media\"><img loading=\"lazy\" decoding=\"async\" width=\"1024\" height=\"768\" src=\"http:\/\/hoplatransition.org\/wp-content\/uploads\/2023\/06\/5810139451047919535_121-1024x768.jpg\" alt=\"\" class=\"wp-image-1713 size-full\" srcset=\"https:\/\/hoplatransition.org\/wp-content\/uploads\/2023\/06\/5810139451047919535_121-1024x768.jpg 1024w, https:\/\/hoplatransition.org\/wp-content\/uploads\/2023\/06\/5810139451047919535_121-300x225.jpg 300w, https:\/\/hoplatransition.org\/wp-content\/uploads\/2023\/06\/5810139451047919535_121-768x576.jpg 768w, https:\/\/hoplatransition.org\/wp-content\/uploads\/2023\/06\/5810139451047919535_121.jpg 1280w\" sizes=\"auto, (max-width: 1024px) 100vw, 1024px\" \/><\/figure><div class=\"wp-block-media-text__content\">\n<p class=\"has-text-align-center has-medium-font-size\"><strong>Eau<\/strong><\/p>\n\n\n\n<p class=\"has-medium-font-size\"><strong>Objectif<\/strong> : comprendre les ordres de grandeurs et enjeux li\u00e9s \u00e0 la ressource en eau.<\/p>\n<\/div><\/div>\n\n\n\n<div class=\"wp-block-media-text alignwide is-stacked-on-mobile\"><figure class=\"wp-block-media-text__media\"><img loading=\"lazy\" decoding=\"async\" width=\"1024\" height=\"768\" src=\"https:\/\/hoplatransition.org\/wp-content\/uploads\/2024\/03\/1686903505217-1024x768.jpeg\" alt=\"\" class=\"wp-image-2315 size-full\" srcset=\"https:\/\/hoplatransition.org\/wp-content\/uploads\/2024\/03\/1686903505217-1024x768.jpeg 1024w, https:\/\/hoplatransition.org\/wp-content\/uploads\/2024\/03\/1686903505217-300x225.jpeg 300w, https:\/\/hoplatransition.org\/wp-content\/uploads\/2024\/03\/1686903505217-768x576.jpeg 768w, https:\/\/hoplatransition.org\/wp-content\/uploads\/2024\/03\/1686903505217-1536x1152.jpeg 1536w, https:\/\/hoplatransition.org\/wp-content\/uploads\/2024\/03\/1686903505217.jpeg 2048w\" sizes=\"auto, (max-width: 1024px) 100vw, 1024px\" \/><\/figure><div class=\"wp-block-media-text__content\">\n<p class=\"has-text-align-center has-medium-font-size\"><strong>\u00c9conomie Circulaire<\/strong><\/p>\n\n\n\n<p class=\"has-medium-font-size\"><strong>Objectif<\/strong> : transmettre des pistes de solutions pour changer sa fa\u00e7on de consommer.&nbsp;<\/p>\n<\/div><\/div>\n\n\n\n<div class=\"wp-block-media-text alignwide is-stacked-on-mobile\"><figure class=\"wp-block-media-text__media\"><img loading=\"lazy\" decoding=\"async\" width=\"1024\" height=\"768\" src=\"http:\/\/hoplatransition.org\/wp-content\/uploads\/2023\/01\/Photo-18-09-2021-15-32-10-1024x768.jpg\" alt=\"\" class=\"wp-image-834 size-full\" srcset=\"https:\/\/hoplatransition.org\/wp-content\/uploads\/2023\/01\/Photo-18-09-2021-15-32-10-1024x768.jpg 1024w, https:\/\/hoplatransition.org\/wp-content\/uploads\/2023\/01\/Photo-18-09-2021-15-32-10-300x225.jpg 300w, https:\/\/hoplatransition.org\/wp-content\/uploads\/2023\/01\/Photo-18-09-2021-15-32-10-768x576.jpg 768w, https:\/\/hoplatransition.org\/wp-content\/uploads\/2023\/01\/Photo-18-09-2021-15-32-10-1536x1152.jpg 1536w, https:\/\/hoplatransition.org\/wp-content\/uploads\/2023\/01\/Photo-18-09-2021-15-32-10-2048x1536.jpg 2048w\" sizes=\"auto, (max-width: 1024px) 100vw, 1024px\" \/><\/figure><div class=\"wp-block-media-text__content\">\n<p class=\"has-text-align-center has-medium-font-size\"><strong>\u00c9nergie-Climat<\/strong><\/p>\n\n\n\n<p class=\"has-medium-font-size\"><strong>Objectif<\/strong> : transmettre les clefs de compr\u00e9hension pour agir efficacement face aux enjeux climat et \u00e9nergie.<\/p>\n\n\n\n<p>Sur ces stands, nous utilisons des supports d&#8217;animation tels que : la fresque du climat quiz, Revolt, Il est temps, Carboniq,&#8230;<\/p>\n<\/div><\/div>\n\n\n\n<div class=\"wp-block-media-text alignwide is-stacked-on-mobile\"><figure class=\"wp-block-media-text__media\"><img loading=\"lazy\" decoding=\"async\" width=\"1024\" height=\"768\" src=\"https:\/\/hoplatransition.org\/wp-content\/uploads\/2024\/03\/photo_2023-05-06_16-15-01-1024x768.jpg\" alt=\"\" class=\"wp-image-2317 size-full\" srcset=\"https:\/\/hoplatransition.org\/wp-content\/uploads\/2024\/03\/photo_2023-05-06_16-15-01-1024x768.jpg 1024w, https:\/\/hoplatransition.org\/wp-content\/uploads\/2024\/03\/photo_2023-05-06_16-15-01-300x225.jpg 300w, https:\/\/hoplatransition.org\/wp-content\/uploads\/2024\/03\/photo_2023-05-06_16-15-01-768x576.jpg 768w, https:\/\/hoplatransition.org\/wp-content\/uploads\/2024\/03\/photo_2023-05-06_16-15-01.jpg 1280w\" sizes=\"auto, (max-width: 1024px) 100vw, 1024px\" \/><\/figure><div class=\"wp-block-media-text__content\">\n<p class=\"has-text-align-center has-medium-font-size\"><strong>Mobilit\u00e9<\/strong><\/p>\n\n\n\n<p class=\"has-medium-font-size\"><strong>Objectif<\/strong>\u202f: sensibiliser les participants aux enjeux environnementaux de leurs pratiques de d\u00e9placement et \u00e9changer sur les diff\u00e9rents leviers d\u2019actions pour une mobilit\u00e9 plus sobre et responsable.<\/p>\n<\/div><\/div>\n","protected":false},"excerpt":{"rendered":"<p>L&#8217;objectif principal est de donner envie d\u2019aller plus loin en passant \u00e0 l\u2019action Nos stands sont adapt\u00e9s aux \u00e9v\u00e8nements en continu. Nous permettons aux passants de s&#8217;informer, de toucher du doigt les th\u00e9matiques pr\u00e9d\u00e9finies et d\u2019aller plus loin s\u2019ils le souhaitent. Il est possible d&#8217;animer sur stand des formats courts et interactifs de nos ateliers, [&hellip;]<\/p>\n","protected":false},"author":1,"featured_media":1733,"parent":0,"menu_order":0,"comment_status":"closed","ping_status":"closed","template":"","meta":{"_seopress_robots_primary_cat":"","_mc_calendar":[],"footnotes":""},"class_list":["post-1085","page","type-page","status-publish","has-post-thumbnail","hentry"],"_links":{"self":[{"href":"https:\/\/hoplatransition.org\/index.php\/wp-json\/wp\/v2\/pages\/1085","targetHints":{"allow":["GET"]}}],"collection":[{"href":"https:\/\/hoplatransition.org\/index.php\/wp-json\/wp\/v2\/pages"}],"about":[{"href":"https:\/\/hoplatransition.org\/index.php\/wp-json\/wp\/v2\/types\/page"}],"author":[{"embeddable":true,"href":"https:\/\/hoplatransition.org\/index.php\/wp-json\/wp\/v2\/users\/1"}],"replies":[{"embeddable":true,"href":"https:\/\/hoplatransition.org\/index.php\/wp-json\/wp\/v2\/comments?post=1085"}],"version-history":[{"count":26,"href":"https:\/\/hoplatransition.org\/index.php\/wp-json\/wp\/v2\/pages\/1085\/revisions"}],"predecessor-version":[{"id":2506,"href":"https:\/\/hoplatransition.org\/index.php\/wp-json\/wp\/v2\/pages\/1085\/revisions\/2506"}],"wp:featuredmedia":[{"embeddable":true,"href":"https:\/\/hoplatransition.org\/index.php\/wp-json\/wp\/v2\/media\/1733"}],"wp:attachment":[{"href":"https:\/\/hoplatransition.org\/index.php\/wp-json\/wp\/v2\/media?parent=1085"}],"curies":[{"name":"wp","href":"https:\/\/api.w.org\/{rel}","templated":true}]}}